= m - 9. Let h be d(9). Let y = o + h. What are the prime factors of y?
11
Suppose b - 4 = 0, -h + 4*h - 101 = -5*b. What are the prime factors of h?
3
Let z(n) = 13*n - 3. Let r be z(6). Suppose r = 3*d - 6. What are the prime factors of d?
3
Suppose -7*t = -2*t - 215. Let i = t + -10. What are the prime factors of i?
3, 11
Let d(m) = -m - 14. Let r be d(-7). Let h = -4 - r. List the prime factors of h.
3
Suppose 5513 = 25*b - 3887. What are the prime factors of b?
2, 47
Let z(p) = 5*p - 7. Let a(o) = -6*o + 8. Let y be (0 + (-3)/(-3))*-7. Let x(u) = y*z(u) - 6*a(u). List the prime factors of x(5).
2, 3
Let s(q) = -q**3 - 7 + 1 - 1 - 5*q**2 + 4*q. List the prime factors of s(-6).
5
List the prime factors of (51/(-4))/((-3)/16).
2, 17
Suppose -l = l - 2. Let b be 9/(-3) + (l - 1). Let n(q) = -3*q. What are the prime factors of n(b)?
3
Suppose 3*x = x. Suppose 5*p + 5*z = 65, 2*p - 5*z - 14 + 2 = x. List the prime factors of p.
11
Suppose -6*z = v - 2*z - 23, 4*z = 2*v + 14. Let d(m) = -m**3 + 5*m**2 + 6*m - 4. Let l be d(4). What are the prime factors of -2*(l/v)/(-2)?
2, 3
Let q(r) be the first derivative of r**4/4 - r**3 + 5*r**2/2 - 2*r + 3. What are the prime factors of q(3)?
13
Suppose 8*l = 3*l + 20. Let w be l/(1 - 3) + 7. Let u = 0 + w. What are the prime factors of u?
5
Let g = 140 + -78. What are the prime factors of g?
2, 31
Suppose -5*x - 44 = -x. What are the prime factors of (-112)/x + 6/(-33)?
2, 5
Let o(g) = -g**3 - 12*g**2 + 12*g + 5. What are the prime factors of o(-13)?
2, 3
Let x(u) = -u + 7. Let r be x(7). Suppose -p + 4*n + 11 = r, -n = 5*p + 7 - 125. List the prime factors of p.
23
List the prime factors of 226/((-4 - -7) + -1).
113
Let k(i) = i**2 - 8*i + 9. Let d be k(7). Suppose -d*c = -c. Suppose c = -2*b + 3*b - 4. What are the prime factors of b?
2
Let k = 50 + 1. Let l = -23 + k. What are the prime factors of l?
2, 7
Let k(i) = -i**3 + 6*i**2 + 9*i + 6. Let h be k(7). Suppose 0 = 7*o - 9*o + h. List the prime factors of o.
2, 5
Let f = -132 - -78. Let w = -93 - f. What are the prime factors of 2/(3/w*-2)?
13
Suppose -340 = -9*v + 4*v. What are the prime factors of v?
2, 17
Suppose 0 = 5*f + 7 - 32. What are the prime factors of 408/30 + (-3)/f?
13
Suppose -4*i + 20 = -152. List the prime factors of i.
43
Suppose -4*o + 57 = -155. What are the prime factors of o?
53
Let m(r) = -3*r + 4. Let z be m(3). Let w(f) = f**2 + f + 12. List the prime factors of w(z).
2
Let y be 11 - (-4 + 8)/(-2). Suppose -j = 4*d + y - 39, -2*d = -4*j + 176. List the prime factors of j.
2, 3, 7
Let b(g) = -9*g - 2. Let r be b(-3). Suppose -2*h + r = -h. List the prime factors of h.
5
Let s(k) = k**3 + 9*k**2 + 6*k. Let d be -5 - 3*(1 - 0). What are the prime factors of s(d)?
2
Let d = 7 - 11. Let x(g) = 2*g**2 + g - 2. What are the prime factors of x(d)?
2, 13
Suppose 0 = -4*z - 0*z + 20. Let p(v) = v - 7. Let r be p(z). List the prime factors of -3*(r + 1) - -2.
5
Suppose 8*p = 7*p + 38. What are the prime factors of p?
2, 19
Let d(n) = n**2 - 12*n + 57. List the prime factors of d(18).
3, 5, 11
Let n(w) = -3*w**3 - 10*w**2 + w - 10. Let o(r) = -2*r**3 - 7*r**2 + r - 7. Let m(c) = -5*n(c) + 8*o(c). What are the prime factors of m(-7)?
2, 11
Let n(w) = 5*w**3 + 3*w**2 - 2. Let s be n(-2). What are the prime factors of s/20*4/(-3)?
2
Let r = -9 + 12. Suppose -r*l = -2 - 4. Suppose 0 = l*m - 6*m - 8, 3*p - 5*m - 22 = 0. What are the prime factors of p?
2
Let h be (-1 - 0) + 6/6. Suppose h = -5*t + 26 + 89. What are the prime factors of t?
23
Suppose -4*l + 250 = -5*u, l + 189 = 4*l - 3*u. What are the prime factors of l?
5, 13
Suppose 8*m - 176 = 1328. What are the prime factors of m?
2, 47
Suppose 2*p = -2*p + 576. List the prime factors of p.
2, 3
Suppose 0 = 3*k - b - 55, -4*k + 3*k = -3*b - 21. Let f = -2 + k. Let t = f + -10. List the prime factors of t.
2, 3
What are the prime factors of 16/(-5)*50/(-20)?
2
What are the prime factors of 3/(3/37) + 0?
37
What are the prime factors of (-188)/28 + 7 - 4378/(-14)?
313
Let b = 2 - -3. Let m(x) = -x**3 + 6*x**2 - x + 4. Let p be m(b). Let o = p - 13. List the prime factors of o.
11
Suppose -5*i + 5*p + 42 = -38, -2*p - 86 = -5*i. Suppose b = -0*b - 4*k - i, 2*k = -5*b. Suppose -32 = -2*v - b*v. List the prime factors of v.
2
What are the prime factors of 10/(-25) - (-22)/5?
2
List the prime factors of 1/(10/(-24))*(-450)/12.
2, 3, 5
Let b = 15 + -70. Let t = 82 + b. What are the prime factors of t?
3
Let f(z) = z**2 - 4*z - 7. Let n be f(6). Suppose n*c - 3 = 12. Suppose -o = c - 18. List the prime factors of o.
3, 5
Suppose -5*t + 10*t = 0. Suppose t = 2*u + 10 + 30. Let j = 38 + u. List the prime factors of j.
2, 3
Suppose 5*k - 2 = 4*q, 2*k + 6*q = 2*q + 12. Suppose -k*a = -49 + 19. List the prime factors of a.
3, 5
Let h(n) be the first derivative of -4*n**2 - n + 1. Suppose -4*z + 1 = 5. List the prime factors of h(z).
7
Suppose -2*b = -299 + 107. What are the prime factors of b?
2, 3
Let j(k) = k**2 - 3. Let r be j(3). Suppose -1 = 4*t + 5*f, 3*t = -0*t - 2*f - r. Let z(a) = -a - 1. List the prime factors of z(t).
3
Let h = 5 + -4. Suppose -28 + h = -3*y + 3*q, 4*y + q - 21 = 0. What are the prime factors of y?
2, 3
Let k be (-14)/(-2 + 0 + 0). Let l(w) = w**2 - 5*w - 4. List the prime factors of l(k).
2, 5
Let t(z) = 36*z**2 + z + 4. List the prime factors of t(-2).
2, 73
Suppose -2*j = -t - 4, 4 = 3*j + 3*t - 20. Suppose -12 + 0 = -j*x, 2*r = 4*x + 16. List the prime factors of r.
2, 7
Let f be (287/(-21))/(1/(-3)). Let z = -18 + f. List the prime factors of z.
23
Let s = 11 + -6. What are the prime factors of s?
5
What are the prime factors of 411/4 - ((-6)/8)/3?
103
Let c(a) = a**3 - 3*a**2 - 3*a - 2. Let l be c(4). Suppose -l*j + 7 = 3. What are the prime factors of j?
2
Suppose v - 126 = -v. What are the prime factors of v?
3, 7
Suppose 0 = 4*g - t - 439, 3*g + 2*t + 3*t - 358 = 0. What are the prime factors of g?
3, 37
Suppose 2*p - 28 = -5*t, p - 4*t + 24 = 3*p. Let m be p/(-14) - 573/(-21). What are the prime factors of (-2)/4 + m/6?
2
Let k = -9 + 8. What are the prime factors of -1 + (35 - -3) + k?
2, 3
Let y(p) be the third derivative of p**4/24 + 5*p**3/6 - 4*p**2. What are the prime factors of y(7)?
2, 3
Let s(q) = 0*q**2 - q**3 - 6*q**2 - 5 + 2 + q. Let a be s(-6). List the prime factors of -3*-6*(-4)/a.
2
Suppose 3*b = 2*x - 47, -b + 5*b = -20. List the prime factors of (2/3)/(x/504).
3, 7
Let m = 19 + 0. List the prime factors of m.
19
Let a(i) = -4 + 3 - 4*i**2 + 2*i + 0*i**2 + i**3. Let z = -10 + 14. List the prime factors of a(z).
7
Let m be 2/8 - (-6)/8. Let f = m - -1. What are the prime factors of f?
2
List the prime factors of 2/(-5) - (-2664)/60.
2, 11
Suppose 24 = -9*l + 13*l. Let i(t) be the third derivative of t**4/24 + t**3/6 - t**2. What are the prime factors of i(l)?
7
Let z(n) be the second derivative of -2*n**3/3 - 2*n**2 + 2*n. Let w be z(-4). Let r = 21 - w. What are the prime factors of r?
3
What are the prime factors of -3 + 3/(-9)*-39?
2, 5
Let u be (-290)/35 - (-2)/7. Let v be (14/u)/(4/(-32)). Let d = v - 6. What are the prime factors of d?
2
Let r(x) = -3*x. Let k = 1 - 0. Let p(t) = -3*t**2 - t. Let h be p(k). List the prime factors of r(h).
2, 3
Suppose -4*n = -11 - 1. Suppose 27 + 42 = n*d. List the prime factors of d.
23
Suppose 0 = -3*x - 3 + 9. Let s be (-1)/x + 14/4. Suppose 4*k - 5*k = -u - 11, -s*k = -4*u - 33. What are the prime factors of k?
11
Let q(a) = 4*a**2 + 6*a + 5. What are the prime factors of q(-5)?
3, 5
Suppose 0*z - 2*z = -22. Suppose d = -3 + z. List the prime factors of d.
2
Suppose 0*n = -2*o - n + 19, 2*o + 1 = -5*n. What are the prime factors of o?
2, 3
What are the prime factors of (-35)/(-3) - 1/(-3)?
2, 3
Let r(q) = 13*q - 9. Let b be r(6). Suppose 5*f - b = 2*u - 6*u, -u = -4*f + 51. What are the prime factors of f?
13
Let y(p) = 3*p**2 - 2*p - 11. List the prime factors of y(5).
2, 3
Suppose -w = -4*w + 351. Suppose -5*g + 28 = -w. What are the prime factors of g?
29
Suppose -2*t = -t - 50. Suppose t = 3*f - 5*i, 2*i = -5*f + 4*i + 58. Suppose 5*n - 2 = 3*n, -4*y - 2*n = -f. What are the prime factors of y?
2
Suppose 0 = -0*f + 2*f - 4, 30 = -4*r + 5*f. List the prime factors of (6 - r)/(1/1).
11
Suppose -2*